{"id":5907,"date":"2025-04-25T10:28:44","date_gmt":"2025-04-25T09:28:44","guid":{"rendered":"https:\/\/hobekielkartea.eus\/?page_id=5907"},"modified":"2025-04-29T11:30:40","modified_gmt":"2025-04-29T10:30:40","slug":"1-sesion-normativas-locales-de-prevencion-y-reutilizacion-el-municipio-como-agente-tractor-del-cambio","status":"publish","type":"page","link":"https:\/\/hobekielkartea.eus\/es\/1-sesion-normativas-locales-de-prevencion-y-reutilizacion-el-municipio-como-agente-tractor-del-cambio\/","title":{"rendered":"1. SESION &#8211; NORMATIVAS LOCALES DE PREVENCI\u00d3N Y REUTILIZACI\u00d3N: EL MUNICIPIO COMO AGENTE TRACTOR DEL CAMBIO."},"content":{"rendered":"\t\t<div data-elementor-type=\"wp-page\" data-elementor-id=\"5907\" class=\"elementor elementor-5907\">\n\t\t\t\t<div class=\"elementor-element elementor-element-da0acf0 e-flex e-con-boxed e-con e-parent\" data-id=\"da0acf0\" data-element_type=\"container\">\n\t\t\t\t\t<div class=\"e-con-inner\">\n\t\t\t\t<div class=\"elementor-element elementor-element-a13b4fb elementor-widget elementor-widget-heading\" data-id=\"a13b4fb\" data-element_type=\"widget\" data-widget_type=\"heading.default\">\n\t\t\t\t<div class=\"elementor-widget-container\">\n\t\t\t\t\t<h2 class=\"elementor-heading-title elementor-size-default\">Normativas locales de prevenci\u00f3n y reutilizaci\u00f3n: el municipio como agente tractor del cambio.<\/h2>\t\t\t\t<\/div>\n\t\t\t\t<\/div>\n\t\t\t\t<div class=\"elementor-element elementor-element-79ca69f elementor-widget elementor-widget-heading\" data-id=\"79ca69f\" data-element_type=\"widget\" data-widget_type=\"heading.default\">\n\t\t\t\t<div class=\"elementor-widget-container\">\n\t\t\t\t\t<h2 class=\"elementor-heading-title elementor-size-default\">1. SESI\u00d3N<\/h2>\t\t\t\t<\/div>\n\t\t\t\t<\/div>\n\t\t\t\t<div class=\"elementor-element elementor-element-c4c9e40 elementor-widget elementor-widget-text-editor\" data-id=\"c4c9e40\" data-element_type=\"widget\" data-widget_type=\"text-editor.default\">\n\t\t\t\t<div class=\"elementor-widget-container\">\n\t\t\t\t\t\t\t\t\tPresentaci\u00f3n de los objetivos generales del programa<br \/><br \/>\n\nEl marco normativo estatal para la prevenci\u00f3n (cuantitativa y cualitativa) y la reutilizaci\u00f3n<br \/>\n<br \/>\nConclusiones y aprendizajes de la sesi\u00f3n.<br \/>\t\t\t\t\t\t\t\t<\/div>\n\t\t\t\t<\/div>\n\t\t\t\t<div class=\"elementor-element elementor-element-1557fa6 elementor-widget elementor-widget-video\" data-id=\"1557fa6\" data-element_type=\"widget\" data-settings=\"{&quot;youtube_url&quot;:&quot;https:\\\/\\\/youtu.be\\\/tjk4xlGdZGA&quot;,&quot;video_type&quot;:&quot;youtube&quot;,&quot;controls&quot;:&quot;yes&quot;}\" data-widget_type=\"video.default\">\n\t\t\t\t<div class=\"elementor-widget-container\">\n\t\t\t\t\t\t\t<div class=\"elementor-wrapper elementor-open-inline\">\n\t\t\t<div class=\"elementor-video\"><\/div>\t\t<\/div>\n\t\t\t\t\t\t<\/div>\n\t\t\t\t<\/div>\n\t\t\t\t<div class=\"elementor-element elementor-element-ed86398 elementor-widget elementor-widget-n-accordion\" data-id=\"ed86398\" data-element_type=\"widget\" data-settings=\"{&quot;default_state&quot;:&quot;expanded&quot;,&quot;max_items_expended&quot;:&quot;one&quot;,&quot;n_accordion_animation_duration&quot;:{&quot;unit&quot;:&quot;ms&quot;,&quot;size&quot;:400,&quot;sizes&quot;:[]}}\" data-widget_type=\"nested-accordion.default\">\n\t\t\t\t<div class=\"elementor-widget-container\">\n\t\t\t\t\t\t\t<div class=\"e-n-accordion\" aria-label=\"Accordion. Open links with Enter or Space, close with Escape, and navigate with Arrow Keys\">\n\t\t\t\t\t\t<details id=\"e-n-accordion-item-2490\" class=\"e-n-accordion-item\" open>\n\t\t\t\t<summary class=\"e-n-accordion-item-title\" data-accordion-index=\"1\" tabindex=\"0\" aria-expanded=\"true\" aria-controls=\"e-n-accordion-item-2490\" >\n\t\t\t\t\t<span class='e-n-accordion-item-title-header'><div class=\"e-n-accordion-item-title-text\"> PRESENTACI\u00d3N <\/div><\/span>\n\t\t\t\t\t\t\t<span class='e-n-accordion-item-title-icon'>\n\t\t\t<span class='e-opened' ><svg aria-hidden=\"true\" class=\"e-font-icon-svg e-fas-minus\" viewBox=\"0 0 448 512\" xmlns=\"http:\/\/www.w3.org\/2000\/svg\"><path d=\"M416 208H32c-17.67 0-32 14.33-32 32v32c0 17.67 14.33 32 32 32h384c17.67 0 32-14.33 32-32v-32c0-17.67-14.33-32-32-32z\"><\/path><\/svg><\/span>\n\t\t\t<span class='e-closed'><svg aria-hidden=\"true\" class=\"e-font-icon-svg e-fas-plus\" viewBox=\"0 0 448 512\" xmlns=\"http:\/\/www.w3.org\/2000\/svg\"><path d=\"M416 208H272V64c0-17.67-14.33-32-32-32h-32c-17.67 0-32 14.33-32 32v144H32c-17.67 0-32 14.33-32 32v32c0 17.67 14.33 32 32 32h144v144c0 17.67 14.33 32 32 32h32c17.67 0 32-14.33 32-32V304h144c17.67 0 32-14.33 32-32v-32c0-17.67-14.33-32-32-32z\"><\/path><\/svg><\/span>\n\t\t<\/span>\n\n\t\t\t\t\t\t<\/summary>\n\t\t\t\t<div role=\"region\" aria-labelledby=\"e-n-accordion-item-2490\" class=\"elementor-element elementor-element-1a9381d e-con-full e-flex e-con e-child\" data-id=\"1a9381d\" data-element_type=\"container\">\n\t\t<div role=\"region\" aria-labelledby=\"e-n-accordion-item-2490\" class=\"elementor-element elementor-element-688271a e-flex e-con-boxed e-con e-child\" data-id=\"688271a\" data-element_type=\"container\">\n\t\t\t\t\t<div class=\"e-con-inner\">\n\t\t\t\t<div class=\"elementor-element elementor-element-99bd908 elementor-view-default elementor-widget elementor-widget-icon\" data-id=\"99bd908\" data-element_type=\"widget\" data-widget_type=\"icon.default\">\n\t\t\t\t<div class=\"elementor-widget-container\">\n\t\t\t\t\t\t\t<div class=\"elementor-icon-wrapper\">\n\t\t\t<a class=\"elementor-icon\" href=\"http:\/\/hobekielkartea.eus\/wp-content\/uploads\/2025\/04\/Sesion-1_GRUPO1_Normativa_240425_compartida.pdf\">\n\t\t\t<svg aria-hidden=\"true\" class=\"e-font-icon-svg e-far-file-alt\" viewBox=\"0 0 384 512\" xmlns=\"http:\/\/www.w3.org\/2000\/svg\"><path d=\"M288 248v28c0 6.6-5.4 12-12 12H108c-6.6 0-12-5.4-12-12v-28c0-6.6 5.4-12 12-12h168c6.6 0 12 5.4 12 12zm-12 72H108c-6.6 0-12 5.4-12 12v28c0 6.6 5.4 12 12 12h168c6.6 0 12-5.4 12-12v-28c0-6.6-5.4-12-12-12zm108-188.1V464c0 26.5-21.5 48-48 48H48c-26.5 0-48-21.5-48-48V48C0 21.5 21.5 0 48 0h204.1C264.8 0 277 5.1 286 14.1L369.9 98c9 8.9 14.1 21.2 14.1 33.9zm-128-80V128h76.1L256 51.9zM336 464V176H232c-13.3 0-24-10.7-24-24V48H48v416h288z\"><\/path><\/svg>\t\t\t<\/a>\n\t\t<\/div>\n\t\t\t\t\t\t<\/div>\n\t\t\t\t<\/div>\n\t\t\t\t<div class=\"elementor-element elementor-element-26115f3 elementor-widget elementor-widget-heading\" data-id=\"26115f3\" data-element_type=\"widget\" data-widget_type=\"heading.default\">\n\t\t\t\t<div class=\"elementor-widget-container\">\n\t\t\t\t\t<h2 class=\"elementor-heading-title elementor-size-default\">PRESENTACI\u00d3N 1. SESI\u00d3N<\/h2>\t\t\t\t<\/div>\n\t\t\t\t<\/div>\n\t\t\t\t\t<\/div>\n\t\t\t\t<\/div>\n\t\t\t\t<\/div>\n\t\t\t\t\t<\/details>\n\t\t\t\t\t<\/div>\n\t\t\t\t\t\t<\/div>\n\t\t\t\t<\/div>\n\t\t\t\t\t<\/div>\n\t\t\t\t<\/div>\n\t\t\t\t<\/div>\n\t\t","protected":false},"excerpt":{"rendered":"<p>Normativas locales de prevenci\u00f3n y reutilizaci\u00f3n: el municipio como agente tractor del cambio. 1. SESI\u00d3N Presentaci\u00f3n de los objetivos generales del programa El marco normativo estatal para la prevenci\u00f3n (cuantitativa y cualitativa) y la reutilizaci\u00f3n Conclusiones y aprendizajes de la sesi\u00f3n.https:\/\/youtu.be\/tjk4xlGdZGA PRESENTACI\u00d3N PRESENTACI\u00d3N 1. SESI\u00d3N PRESENTACI\u00d3N 1. SESI\u00d3N<\/p>\n","protected":false},"author":1,"featured_media":0,"parent":0,"menu_order":60,"comment_status":"closed","ping_status":"closed","template":"elementor_header_footer","meta":{"footnotes":""},"class_list":["post-5907","page","type-page","status-publish","hentry"],"aioseo_notices":[],"_links":{"self":[{"href":"https:\/\/hobekielkartea.eus\/es\/wp-json\/wp\/v2\/pages\/5907","targetHints":{"allow":["GET"]}}],"collection":[{"href":"https:\/\/hobekielkartea.eus\/es\/wp-json\/wp\/v2\/pages"}],"about":[{"href":"https:\/\/hobekielkartea.eus\/es\/wp-json\/wp\/v2\/types\/page"}],"author":[{"embeddable":true,"href":"https:\/\/hobekielkartea.eus\/es\/wp-json\/wp\/v2\/users\/1"}],"replies":[{"embeddable":true,"href":"https:\/\/hobekielkartea.eus\/es\/wp-json\/wp\/v2\/comments?post=5907"}],"version-history":[{"count":10,"href":"https:\/\/hobekielkartea.eus\/es\/wp-json\/wp\/v2\/pages\/5907\/revisions"}],"predecessor-version":[{"id":5923,"href":"https:\/\/hobekielkartea.eus\/es\/wp-json\/wp\/v2\/pages\/5907\/revisions\/5923"}],"wp:attachment":[{"href":"https:\/\/hobekielkartea.eus\/es\/wp-json\/wp\/v2\/media?parent=5907"}],"curies":[{"name":"wp","href":"https:\/\/api.w.org\/{rel}","templated":true}]}}

1. SESION &#8211; NORMATIVAS LOCALES DE PREVENCIÓN Y REUTILIZACIÓN: EL MUNICIPIO COMO AGENTE TRACTOR DEL CAMBIO.

<div data-elementor-type="wp-page" data-elementor-id="5907" class="elementor elementor-5907">
				<div class="elementor-element elementor-element-da0acf0 e-flex e-con-boxed e-con e-parent" data-id="da0acf0" data-element_type="container">
					<div class="e-con-inner">
				<div class="elementor-element elementor-element-a13b4fb elementor-widget elementor-widget-heading" data-id="a13b4fb" data-element_type="widget" data-widget_type="heading.default">
				<div class="elementor-widget-container">
					<h2 class="elementor-heading-title elementor-size-default">Normativas locales de prevención y reutilización: el municipio como agente tractor del cambio.</h2>				</div>
				</div>
				<div class="elementor-element elementor-element-79ca69f elementor-widget elementor-widget-heading" data-id="79ca69f" data-element_type="widget" data-widget_type="heading.default">
				<div class="elementor-widget-container">
					<h2 class="elementor-heading-title elementor-size-default">1. SESIÓN</h2>				</div>
				</div>
				<div class="elementor-element elementor-element-c4c9e40 elementor-widget elementor-widget-text-editor" data-id="c4c9e40" data-element_type="widget" data-widget_type="text-editor.default">
				<div class="elementor-widget-container">
									Presentación de los objetivos generales del programa<br /><br />

El marco normativo estatal para la prevención (cuantitativa y cualitativa) y la reutilización<br />
<br />
Conclusiones y aprendizajes de la sesión.<br />								</div>
				</div>
				<div class="elementor-element elementor-element-1557fa6 elementor-widget elementor-widget-video" data-id="1557fa6" data-element_type="widget" data-settings="{&quot;youtube_url&quot;:&quot;https:\/\/youtu.be\/tjk4xlGdZGA&quot;,&quot;video_type&quot;:&quot;youtube&quot;,&quot;controls&quot;:&quot;yes&quot;}" data-widget_type="video.default">
				<div class="elementor-widget-container">
							<div class="elementor-wrapper elementor-open-inline">
			<div class="elementor-video"></div>		</div>
						</div>
				</div>
				<div class="elementor-element elementor-element-ed86398 elementor-widget elementor-widget-n-accordion" data-id="ed86398" data-element_type="widget" data-settings="{&quot;default_state&quot;:&quot;expanded&quot;,&quot;max_items_expended&quot;:&quot;one&quot;,&quot;n_accordion_animation_duration&quot;:{&quot;unit&quot;:&quot;ms&quot;,&quot;size&quot;:400,&quot;sizes&quot;:[]}}" data-widget_type="nested-accordion.default">
				<div class="elementor-widget-container">
							<div class="e-n-accordion" aria-label="Accordion. Open links with Enter or Space, close with Escape, and navigate with Arrow Keys">
						<details id="e-n-accordion-item-2490" class="e-n-accordion-item" open>
				<summary class="e-n-accordion-item-title" data-accordion-index="1" tabindex="0" aria-expanded="true" aria-controls="e-n-accordion-item-2490" >
					<span class='e-n-accordion-item-title-header'><div class="e-n-accordion-item-title-text"> PRESENTACIÓN </div></span>
							<span class='e-n-accordion-item-title-icon'>
			<span class='e-opened' ><svg aria-hidden="true" class="e-font-icon-svg e-fas-minus" viewBox="0 0 448 512" xmlns="http://www.w3.org/2000/svg"><path d="M416 208H32c-17.67 0-32 14.33-32 32v32c0 17.67 14.33 32 32 32h384c17.67 0 32-14.33 32-32v-32c0-17.67-14.33-32-32-32z"></path></svg></span>
			<span class='e-closed'><svg aria-hidden="true" class="e-font-icon-svg e-fas-plus" viewBox="0 0 448 512" xmlns="http://www.w3.org/2000/svg"><path d="M416 208H272V64c0-17.67-14.33-32-32-32h-32c-17.67 0-32 14.33-32 32v144H32c-17.67 0-32 14.33-32 32v32c0 17.67 14.33 32 32 32h144v144c0 17.67 14.33 32 32 32h32c17.67 0 32-14.33 32-32V304h144c17.67 0 32-14.33 32-32v-32c0-17.67-14.33-32-32-32z"></path></svg></span>
		</span>

						</summary>
				<div role="region" aria-labelledby="e-n-accordion-item-2490" class="elementor-element elementor-element-1a9381d e-con-full e-flex e-con e-child" data-id="1a9381d" data-element_type="container">
		<div role="region" aria-labelledby="e-n-accordion-item-2490" class="elementor-element elementor-element-688271a e-flex e-con-boxed e-con e-child" data-id="688271a" data-element_type="container">
					<div class="e-con-inner">
				<div class="elementor-element elementor-element-99bd908 elementor-view-default elementor-widget elementor-widget-icon" data-id="99bd908" data-element_type="widget" data-widget_type="icon.default">
				<div class="elementor-widget-container">
							<div class="elementor-icon-wrapper">
			<a class="elementor-icon" href="http://hobekielkartea.eus/wp-content/uploads/2025/04/Sesion-1_GRUPO1_Normativa_240425_compartida.pdf">
			<svg aria-hidden="true" class="e-font-icon-svg e-far-file-alt" viewBox="0 0 384 512" xmlns="http://www.w3.org/2000/svg"><path d="M288 248v28c0 6.6-5.4 12-12 12H108c-6.6 0-12-5.4-12-12v-28c0-6.6 5.4-12 12-12h168c6.6 0 12 5.4 12 12zm-12 72H108c-6.6 0-12 5.4-12 12v28c0 6.6 5.4 12 12 12h168c6.6 0 12-5.4 12-12v-28c0-6.6-5.4-12-12-12zm108-188.1V464c0 26.5-21.5 48-48 48H48c-26.5 0-48-21.5-48-48V48C0 21.5 21.5 0 48 0h204.1C264.8 0 277 5.1 286 14.1L369.9 98c9 8.9 14.1 21.2 14.1 33.9zm-128-80V128h76.1L256 51.9zM336 464V176H232c-13.3 0-24-10.7-24-24V48H48v416h288z"></path></svg>			</a>
		</div>
						</div>
				</div>
				<div class="elementor-element elementor-element-26115f3 elementor-widget elementor-widget-heading" data-id="26115f3" data-element_type="widget" data-widget_type="heading.default">
				<div class="elementor-widget-container">
					<h2 class="elementor-heading-title elementor-size-default">PRESENTACIÓN 1. SESIÓN</h2>				</div>
				</div>
					</div>
				</div>
				</div>
					</details>
					</div>
						</div>
				</div>
					</div>
				</div>
				</div>

<p>Normativas locales de prevención y reutilización: el municipio como agente tractor del cambio. 1. SESIÓN Presentación de los objetivos generales del programa El marco normativo estatal para la prevención (cuantitativa y cualitativa) y la reutilización Conclusiones y aprendizajes de la sesión.https://youtu.be/tjk4xlGdZGA PRESENTACIÓN PRESENTACIÓN 1. SESIÓN PRESENTACIÓN 1. SESIÓN</p>
